Let b(h) = -h**3 - 9*h**2 + 9*h - 8. Let o be b(-10). Suppose d = -3*i + 28, o*i = -d + 2*d + 22. What is the tens digit of i?
1
Suppose 4*h + 5*a = 63, -2*h = -2*a - 42 - 12. What is the tens digit of h?
2
Suppose 0*t - 8 = -2*n - 2*t, 5*t - 11 = -2*n. Let v be -2*(0 - (n + -2)). What is the units digit of (0 + v/4)*18?
9
Suppose 0*x = -4*x + 52. What is the tens digit of x?
1
Suppose -8*i + 669 = -67. What is the units digit of i?
2
What is the units digit of (-376)/(-108)*15 - (-4)/(-18)?
2
Let z(c) = -c**2 - 1. Let n(w) = 5*w**2 + 9*w + 6. Let k(j) = n(j) + 6*z(j). What is the units digit of k(4)?
0
Suppose -3*k = -2*h - 18 + 5, -5*h - 10 = 0. Suppose -l = 5, 2 = 2*c + l + k*l. What is the units digit of c?
1
Let j = 168 + -93. What is the units digit of j?
5
Let n = -8 + 11. What is the units digit of n?
3
Let l = 142 - 51. What is the units digit of l?
1
Let q be -2 + (2 - -2) + -5. What is the units digit of 1 - (q - -1) - 1?
2
Let t = -1 + 61. What is the units digit of t?
0
Suppose -47 = -5*d + q, 3*q - q = -2*d + 26. Suppose 5*v - 3*v + d = 0. What is the units digit of (3*v)/(-3) - 2?
3
Let h(d) = 29*d**3 + 2*d**2 - d. What is the tens digit of h(1)?
3
Suppose 0 = -2*d + 9 + 1. Suppose 4*j - 138 = d*b, 19 = 4*j + 2*b - 133. What is the tens digit of j?
3
Suppose -29*u = -32*u + 75. What is the tens digit of u?
2
Suppose 34 = 3*m - 47. What is the tens digit of m?
2
Let u be 1*8/(-4) + 26. What is the units digit of ((-112)/u)/(4/(-30))?
5
What is the tens digit of (-170)/(-6) - 11/33?
2
Let p = 3 - 6. Let n = p + 5. Let s = 0 + n. What is the units digit of s?
2
Let h(i) be the first derivative of -i**3/3 - 7*i**2/2 + 11*i - 2. Let p be h(-8). Suppose 6*b - b = -p*o + 19, 3*o - 55 = 4*b. What is the units digit of o?
3
Suppose -3*l + 84 + 117 = 0. What is the tens digit of l?
6
Let v(j) = -j**2 + 2*j + 47. What is the units digit of v(0)?
7
Let d(h) = h**3 - 7*h**2 - 7*h + 10. Let v(w) = -w**3 + 6*w**2 + 7*w - 9. Let a(j) = 2*d(j) + 3*v(j). What is the units digit of a(5)?
3
Suppose k - 2 = 2. Let o = k - 6. Let t = 2 - o. What is the units digit of t?
4
Let r = -5 + 7. Suppose -r*q = 5*p - 46, 5*p + 3*q - 29 - 20 = 0. What is the units digit of ((-8)/5)/(p/(-20))?
4
Suppose 0 = -v - 0 + 30. What is the units digit of v?
0
Let b(f) = f**2 - 4. Let c be b(-3). Suppose -p + 6 + c = 0. What is the tens digit of p?
1
Suppose 33 = 2*c - 7. What is the tens digit of c?
2
What is the units digit of (-20)/(-1) + 1 - 3/(-1)?
4
Suppose -49*z + 48*z + 82 = 0. What is the units digit of z?
2
Let a = -3 + 38. What is the units digit of a?
5
Let q(i) = -i**3 - 13*i**2 + 11*i - 15. What is the units digit of q(-14)?
7
Let v be 4/18 + 380/(-9). Let d be 1/(((-10)/v)/5). Suppose 4*m = 3*s + d, -18 = -m - 3*m + 2*s. What is the units digit of m?
3
Let v(q) = q**3 + 7*q**2 + 6*q + 4. Let l be v(-6). Suppose -92 = -l*c + 52. What is the tens digit of c?
3
Let b(z) = -z**3 + 3*z**2 + 4. Let n be b(3). Suppose 4*h + 0*h - 72 = 0. Suppose 2*w - n - h = 0. What is the units digit of w?
1
Suppose -2*z = -3*m - 0*m - 248, 0 = 3*z - 5*m - 372. What is the hundreds digit of z?
1
Suppose -5*l = -3*b - 38 - 1, 0 = -l + 5*b + 21. Suppose 0*y = 4*y - 4. Suppose -y + l = m. What is the units digit of m?
5
Suppose -3*w - 2*w + 140 = 0. What is the units digit of w?
8
Suppose -4*s + 2*f + 270 = -2*s, 2*s - 275 = f. What is the units digit of s?
0
Let b = 57 + -20. Suppose p = l - 0*p - 12, 3*l - b = 4*p. What is the tens digit of l?
1
Suppose -y - 2*y = -o + 19, 0 = 4*o - 4*y - 36. Suppose -2*p + 0*p + o = 0. What is the units digit of p?
2
Suppose -9 = -2*v + 3*n, -3*n = -3*v + 20 - 2. What is the units digit of ((-6)/v)/(1/(-6))?
4
Suppose 4*v + v = 10, -3*p + 47 = v. What is the tens digit of p - 0*1/3?
1
Let f(z) = -7*z - 5. Let l(d) = -1 - 5 + d + 5. Let c(q) = f(q) + 5*l(q). What is the units digit of c(-8)?
6
What is the units digit of -2 - (1 - 1 - 68)?
6
What is the units digit of (1 - 0)*(-6 - -7)?
1
Let u = 1 + -1. Suppose u = 2*n - 4*i + 2 + 4, 60 = 5*n + 5*i. What is the units digit of n?
7
Let d be (2 - 1) + (2 - 1). Suppose -4*b + w = -12, -d*b = -6*b - 2*w + 12. What is the units digit of b?
3
Let l(f) = -f + 3. Let g be l(4). Let r be -15 + g + (4 - 2). What is the units digit of -1 - (r + (0 - 1))?
4
Let x be -1 - (5 - (2 - 1)). Let o be 2/4 - x/(-2). What is the units digit of 16/6*(-3)/o?
4
Let s be (0 - 3)/(3/4). Let t(f) = f**2 - 2*f - 3. Let n be t(s). Suppose 3*w = -0*w + n. What is the units digit of w?
7
Suppose 5*o + 5*j = -10, -5*o - 8 = -4*o + 3*j. What is the tens digit of 0 + o + -1 - -31?
3
Suppose -3 = -4*d + 3*d. Let a(f) = f**2 - 3*f. Let v be a(d). Let c = 6 - v. What is the units digit of c?
6
Let q be 76/4*(1 - 0). Let c = 39 - q. What is the tens digit of c?
2
Let b be (2/6)/((-9)/54). Let z = 2 - b. Suppose 0*m - 4*h = -4*m + 60, 5*m = z*h + 71. What is the tens digit of m?
1
Let r(z) = z + 1. Suppose u = p + 2, -5*u + 2 + 8 = 2*p. What is the units digit of r(u)?
3
What is the tens digit of -2*(1 - (-52)/(-8))?
1
Let k = 368 + -250. What is the units digit of k?
8
Suppose 2*c - 37 = n, -5*n + 25 = 2*c - 2*n. Let t = c - 11. What is the units digit of t?
6
Let a(g) be the second derivative of -g**4/12 + 2*g**3/3 + g**2/2 + 3*g. Let s be a(3). What is the units digit of (-54)/(-4) - s/8?
3
Let g(z) = -3*z**3 - 4*z**2 - 4*z - 3. Let c = 1 - 3. What is the units digit of g(c)?
3
Let d(l) = l - 2. Let u(c) = 6*c - 10. Let v(g) = 11*d(g) - 2*u(g). Let x be 38/(-8) - 2/8. What is the units digit of v(x)?
3
Suppose 0 = -3*d + 2 + 1. What is the tens digit of -1*(-15 + 1 + d)?
1
Suppose -4*r + 0*n - 4 = -3*n, -3 = 3*r - n. Let m(x) = -10*x. What is the tens digit of m(r)?
1
Let s(p) = 1 + 17*p - 5 + 3 + p. What is the tens digit of s(1)?
1
Let t(g) be the third derivative of g**5/30 - g**4/6 - 4*g**2. Let w be t(4). What is the units digit of (w/3 + -3)*3?
7
Let w = -117 + 150. What is the tens digit of w?
3
Let w(k) be the first derivative of -2*k**2 - 5*k - 5. What is the tens digit of w(-7)?
2
Let p = -8 + 12. Suppose 3*o = -4*j + 15, -14 = -2*o - 0*o - p*j. What is the units digit of (-1)/(1/(-3*o))?
3
Suppose 0 = -0*q + 4*q - 528. Suppose 10*p = 6*p + q. What is the units digit of p?
3
Let y = 62 - 40. What is the units digit of y?
2
Let w(h) be the third derivative of h**4/8 + h**3/3 + h**2. Let z(x) = -x**3 + 3*x**2 + 2*x - 3. Let y be z(3). What is the units digit of w(y)?
1
Suppose -3*i - 4*x = 12, -3*x + 8*x + 15 = -5*i. Suppose i = 4*p, 5*f = 3*f + 2*p + 36. Let k = -8 + f. What is the tens digit of k?
1
Let s(d) be the first derivative of -d**2/2 + 5*d - 3. Let o be s(8). What is the units digit of 11 - o/((-6)/4)?
9
Let o(m) = 74*m**3 + 3*m**2 - 3*m + 1. What is the units digit of o(1)?
5
Let c(s) = -s**3 + 5*s**2 + 6*s + 4. Let l be c(6). Suppose -l*i + 22 = -62. What is the units digit of i?
1
Let u(l) = -l**2 + 6*l - 6. Let a be u(4). Suppose -4*g = 2*w + 42, -g + 6 = -a*w + 4*g. Let y = -8 - w. What is the units digit of y?
5
Let u(t) = t**3 + t**2 + 12. What is the units digit of u(0)?
2
Suppose -1203 = -6*j + 459. What is the units digit of j?
7
Let u = 14 + 2. Let d = u + -7. What is the units digit of d?
9
What is the units digit of (-157)/(-12)*3 + (-2)/8?
9
Let i(f) = -f. Let k be i(-5). Let w(n) = -2*n + 8*n - k*n - 3 + 9*n. What is the units digit of w(2)?
7
Let r = -13 - -29. What is the units digit of r?
6
Suppose -3 = -5*p + 42. Let y = 6 - p. What is the units digit of 34/6 - 1/y?
6
Let l(c) = 3*c**3 + 2*c**2 - 1. Let y be l(1). Suppose -2*f + y = -f. Suppose t - f = -0. What is the units digit of t?
4
Let x be (98/(-28))/((-2)/4). Let o(z) = z**2 - z + 1. Let v(p) = 5*p**2 + 2*p + 15. Let l(j) = -6*o(j) + v(j). What is the tens digit of l(x)?
1
Let q be 2 - ((-2 - -3) + 2). Let d be 35 + q/((-1)/3). Suppose 6*i - i - d = 4*x, -5*x = -3*i + 28. What is the units digit of i?
6
What is the tens digit of 0 - -2 - (-1 + -7)?
1
Suppose c - 2*q + 36 = 0, 4*c + c = -q - 180. Let b be (2/(-4))/((-3)/c). Let o = b + 14. What is the units digit of o?
8
Let g = 73 - 129. Let b = -30 - g. What is the tens digit of b?
2
Let d(l) = -56*l. Suppose 1 = 2*z + 3*w, -w + 6 = -6*z + z. Let u be d(z). Suppose -t + 20 = -3*